 the tens digit of 17051?
5
What is the units digit of 197?
7
What is the thousands digit of 3085?
3
What is the tens digit of 1289?
8
What is the hundreds digit of 112691?
6
What is the tens digit of 5098?
9
What is the hundreds digit of 74163?
1
What is the ten thousands digit of 14873?
1
What is the units digit of 1038?
8
What is the hundreds digit of 2978?
9
What is the thousands digit of 16895?
6
What is the units digit of 900?
0
What is the units digit of 2265?
5
What is the hundreds digit of 2253?
2
What is the hundreds digit of 1118?
1
What is the units digit of 21937?
7
What is the units digit of 62808?
8
What is the tens digit of 31369?
6
What is the tens digit of 5407?
0
What is the hundreds digit of 80807?
8
What is the tens digit of 81108?
0
What is the tens digit of 586?
8
What is the tens digit of 727?
2
What is the tens digit of 5439?
3
What is the hundreds digit of 494?
4
What is the thousands digit of 4091?
4
What is the units digit of 1981?
1
What is the hundreds digit of 8656?
6
What is the thousands digit of 3158?
3
What is the hundreds digit of 1191?
1
What is the tens digit of 299?
9
What is the hundreds digit of 35615?
6
What is the thousands digit of 4277?
4
What is the tens digit of 2183?
8
What is the thousands digit of 10732?
0
What is the units digit of 790?
0
What is the tens digit of 49?
4
What is the thousands digit of 34867?
4
What is the units digit of 105361?
1
What is the units digit of 732?
2
What is the tens digit of 10118?
1
What is the tens digit of 12332?
3
What is the hundreds digit of 12534?
5
What is the units digit of 622?
2
What is the tens digit of 33699?
9
What is the thousands digit of 3713?
3
What is the hundreds digit of 1555?
5
What is the ten thousands digit of 36726?
3
What is the units digit of 554?
4
What is the units digit of 6504?
4
What is the units digit of 287?
7
What is the hundreds digit of 65594?
5
What is the ten thousands digit of 70953?
7
What is the units digit of 53?
3
What is the tens digit of 812?
1
What is the units digit of 7032?
2
What is the ten thousands digit of 131322?
3
What is the thousands digit of 19277?
9
What is the tens digit of 31505?
0
What is the hundreds digit of 3877?
8
What is the hundreds digit of 32061?
0
What is the thousands digit of 26660?
6
What is the hundreds digit of 1889?
8
What is the tens digit of 141?
4
What is the thousands digit of 4252?
4
What is the hundreds digit of 1925?
9
What is the thousands digit of 1180?
1
What is the ten thousands digit of 16131?
1
What is the hundreds digit of 12347?
3
What is the thousands digit of 1173?
1
What is the thousands digit of 1114?
1
What is the hundreds digit of 282?
2
What is the units digit of 2007?
7
What is the units digit of 2490?
0
What is the units digit of 7369?
9
What is the thousands digit of 9419?
9
What is the units digit of 71597?
7
What is the hundreds digit of 15710?
7
What is the thousands digit of 30825?
0
What is the units digit of 1492?
2
What is the units digit of 25838?
8
What is the hundreds digit of 54883?
8
What is the hundreds digit of 1179?
1
What is the thousands digit of 17639?
7
What is the hundreds digit of 12559?
5
What is the hundreds digit of 361?
3
What is the hundred thousands digit of 129921?
1
What is the hundreds digit of 876?
8
What is the tens digit of 18091?
9
What is the tens digit of 79157?
5
What is the units digit of 23059?
9
What is the hundreds digit of 6542?
5
What is the units digit of 3441?
1
What is the thousands digit of 1164?
1
What is the hundreds digit of 35341?
3
What is the thousands digit of 1905?
1
What is the units digit of 11628?
8
What is the hundreds digit of 1696?
6
What is the hundreds digit of 3159?
1
What is the tens digit of 33263?
6
What is the units digit of 15670?
0
What is the hundreds digit of 1571?
5
What is the hundreds digit of 84821?
8
What is the thousands digit of 23255?
3
What is the tens digit of 44706?
0
What is the hundreds digit of 720?
7
What is the units digit of 26457?
7
What is the units digit of 57536?
6
What is the hundreds digit of 85930?
9
What is the units digit of 2277?
7
What is the hundreds digit of 3250?
2
What is the hundreds digit of 4464?
4
What is the hundreds digit of 84709?
7
What is the thousands digit of 3275?
3
What is the hundreds digit of 3766?
7
What is the thousands digit of 3847?
3
What is the tens digit of 23466?
6
What is the hundreds digit of 721?
7
What is the tens digit of 2309?
0
What is the tens digit of 695?
9
What is the tens digit of 6534?
3
What is the tens digit of 2365?
6
What is the units digit of 226?
6
What is the thousands digit of 1341?
1
What is the thousands digit of 1800?
1
What is the hundreds digit of 2759?
7
What is the units digit of 8106?
6
What is the tens digit of 462?
6
What is the units digit of 1847?
7
What is the tens digit of 297?
9
What is the tens digit of 832?
3
What is the hundreds digit of 4716?
7
What is the hundreds digit of 8471?
4
What is the hundreds digit of 711?
7
What is the units digit of 1460?
0
What is the units digit of 3423?
3
What is the thousands digit of 4851?
4
What is the tens digit of 626?
2
What is the units digit of 2788?
8
What is the units digit of 1126?
6
What is the units digit of 15490?
0
What is the tens digit of 8226?
2
What is the ten thousands digit of 151077?
5
What is the units digit of 1369?
9
What is the tens digit of 29247?
4
What is the thousands digit of 52009?
2
What is the units digit of 1513?
3
What is the tens digit of 675?
7
What is the tens digit of 2978?
7
What is the units digit of 1433?
3
What is the thousands digit of 1204?
1
What is the hundred thousands digit of 104207?
1
What is the thousands digit of 7145?
7
What is the tens digit of 4330?
3
What is the hundreds digit of 848?
8
What is the units digit of 513?
3
What is the units digit of 1046?
6
What is the tens digit of 9555?
5
What is the units digit of 1765?
5
What is the thousands digit of 21181?
1
What is the units digit of 28230?
0
What is the hundreds digit of 389?
3
What is the thousands digit of 12020?
2
What is the hundreds digit of 96351?
3
What is the tens digit of 543?
4
What is the hundreds digit of 1818?
8
What is the tens digit of 7782?
8
What is the hundreds digit of 1129?
1
What is the hundreds digit of 91880?
8
What is the thousands digit of 49184?
9
What is the units digit of 1646?
6
What is the units digit of 3049?
9
What is the thousands digit of 4960?
4
What is the units digit of 59?
9
What is the thousands digit of 3134?
3
What is the hundreds digit of 1002?
0
What is the hundreds digit of 14111?
1
What is the units digit of 4194?
4
What is the hundreds digit of 15984?
9
What is the tens digit of 3957?
5
What is the units digit of 1691?
1
What is the thousands digit of 48011?
8
What is the hundreds digit of 5901?
9
What is the ten thousands digit of 164873?
6
What is the hundreds digit of 450?
4
What is the ten thousands digit of 129721?
2
What is the tens digit of 26544?
4
What is the hundreds digit of 1062?
0
What is the ten thousands digit of 12779?
1
What is the thousands digit of 1329?
1
What is the tens digit of 527?
2
What is the tens digit of 19479?
7
What is the thousands digit of 2432?
2
What is the tens digit of 1222?
2
What is the tens digit of 42729?
2
What is the units digit of 2133?
3
What is the hundreds digit of 829?
8
What is the units digit of 4322?
2
What is the tens digit of 29020?
2
What is the thousands digit of 30630?
0
What is the units digit of 8542?
2
What is the tens digit of 7402?
0
What is the tens digit of 628?
2
What is the hundreds digit of 802?
8
What is the hundreds digit of 46135?
1
What is the thousands digit of 48256?
8
What is the tens digit of 31638?
3
What is the tens digit of 61765?
6
What is the hundreds digit of 102962?
9
What is the tens digit of 11752?
5
What is the hundreds digit of 6492?
4
What is the hundreds digit of 4500?
5
What is the thousands digit of 9210?
9
What is the units digit of 12644?
4
What is the hundreds digit of 628?
6
What is the hundreds digit of 740?
7
What is the units digit of 13461?
1
What is the hundreds digit of 8904?
9
What is the ten thousands digit of 45172?
4
What is the thousands digit of 2012?
2
What is the hundreds digit of 821?
8
What is the te